544?
5
What is the tens digit of 84863?
6
What is the hundreds digit of 7950?
9
What is the hundreds digit of 3648?
6
What is the units digit of 7724?
4
What is the units digit of 2860?
0
What is the hundreds digit of 39798?
7
What is the hundreds digit of 9526?
5
What is the hundreds digit of 490?
4
What is the ten thousands digit of 42647?
4
What is the units digit of 60485?
5
What is the tens digit of 234?
3
What is the tens digit of 6829?
2
What is the thousands digit of 57706?
7
What is the hundreds digit of 9832?
8
What is the hundreds digit of 6142?
1
What is the tens digit of 6062?
6
What is the hundreds digit of 1004?
0
What is the ten thousands digit of 17291?
1
What is the hundreds digit of 66968?
9
What is the ten thousands digit of 97702?
9
What is the thousands digit of 7901?
7
What is the thousands digit of 16735?
6
What is the hundreds digit of 2158?
1
What is the hundreds digit of 1765?
7
What is the thousands digit of 5686?
5
What is the units digit of 6880?
0
What is the tens digit of 3373?
7
What is the units digit of 5696?
6
What is the ten thousands digit of 36417?
3
What is the ten thousands digit of 133879?
3
What is the hundreds digit of 12587?
5
What is the hundreds digit of 919?
9
What is the thousands digit of 10694?
0
What is the units digit of 2040?
0
What is the units digit of 91925?
5
What is the tens digit of 4340?
4
What is the units digit of 3964?
4
What is the units digit of 16481?
1
What is the hundreds digit of 12740?
7
What is the tens digit of 9071?
7
What is the tens digit of 801?
0
What is the units digit of 17423?
3
What is the hundreds digit of 303?
3
What is the hundreds digit of 5477?
4
What is the units digit of 2672?
2
What is the thousands digit of 32916?
2
What is the tens digit of 401?
0
What is the units digit of 1452?
2
What is the units digit of 113950?
0
What is the ten thousands digit of 51421?
5
What is the thousands digit of 5103?
5
What is the tens digit of 9356?
5
What is the hundreds digit of 5330?
3
What is the units digit of 30488?
8
What is the units digit of 1151?
1
What is the units digit of 422?
2
What is the thousands digit of 1418?
1
What is the units digit of 1227?
7
What is the thousands digit of 52238?
2
What is the units digit of 152?
2
What is the tens digit of 445?
4
What is the tens digit of 2118?
1
What is the units digit of 3589?
9
What is the hundreds digit of 335?
3
What is the thousands digit of 20314?
0
What is the units digit of 596?
6
What is the thousands digit of 2010?
2
What is the tens digit of 4548?
4
What is the thousands digit of 4141?
4
What is the tens digit of 61962?
6
What is the tens digit of 919?
1
What is the thousands digit of 1067?
1
What is the hundreds digit of 3702?
7
What is the units digit of 54922?
2
What is the tens digit of 5502?
0
What is the hundreds digit of 10703?
7
What is the units digit of 1213?
3
What is the thousands digit of 9562?
9
What is the ten thousands digit of 25178?
2
What is the tens digit of 719?
1
What is the ten thousands digit of 22948?
2
What is the thousands digit of 30756?
0
What is the thousands digit of 1343?
1
What is the hundreds digit of 50937?
9
What is the tens digit of 382?
8
What is the units digit of 5117?
7
What is the tens digit of 31558?
5
What is the thousands digit of 7445?
7
What is the thousands digit of 4856?
4
What is the hundreds digit of 7454?
4
What is the hundreds digit of 4747?
7
What is the hundreds digit of 11495?
4
What is the hundreds digit of 93243?
2
What is the hundreds digit of 12232?
2
What is the tens digit of 34132?
3
What is the units digit of 98604?
4
What is the units digit of 61?
1
What is the hundreds digit of 40855?
8
What is the units digit of 656?
6
What is the thousands digit of 1486?
1
What is the units digit of 1707?
7
What is the hundreds digit of 910?
9
What is the thousands digit of 1031?
1
What is the tens digit of 7879?
7
What is the thousands digit of 4957?
4
What is the thousands digit of 3281?
3
What is the tens digit of 1411?
1
What is the hundreds digit of 2177?
1
What is the units digit of 3530?
0
What is the units digit of 5160?
0
What is the hundreds digit of 10447?
4
What is the units digit of 91?
1
What is the tens digit of 1085?
8
What is the hundreds digit of 2271?
2
What is the thousands digit of 5325?
5
What is the hundreds digit of 571?
5
What is the tens digit of 4118?
1
What is the tens digit of 13264?
6
What is the thousands digit of 2206?
2
What is the hundreds digit of 2150?
1
What is the units digit of 433?
3
What is the thousands digit of 4659?
4
What is the thousands digit of 30996?
0
What is the units digit of 6123?
3
What is the units digit of 27268?
8
What is the thousands digit of 55257?
5
What is the thousands digit of 7550?
7
What is the thousands digit of 1418?
1
What is the tens digit of 270?
7
What is the tens digit of 178?
7
What is the units digit of 334?
4
What is the thousands digit of 38780?
8
What is the hundreds digit of 18725?
7
What is the tens digit of 878?
7
What is the hundreds digit of 6331?
3
What is the hundreds digit of 3786?
7
What is the ten thousands digit of 23160?
2
What is the hundreds digit of 6443?
4
What is the hundreds digit of 62978?
9
What is the hundreds digit of 1057?
0
What is the tens digit of 316?
1
What is the tens digit of 32220?
2
What is the units digit of 5715?
5
What is the thousands digit of 5570?
5
What is the ten thousands digit of 64159?
6
What is the ten thousands digit of 10342?
1
What is the tens digit of 4212?
1
What is the thousands digit of 5220?
5
What is the tens digit of 40798?
9
What is the units digit of 3179?
9
What is the hundreds digit of 403?
4
What is the hundreds digit of 7439?
4
What is the thousands digit of 17116?
7
What is the ten thousands digit of 13608?
1
What is the tens digit of 34847?
4
What is the ten thousands digit of 42042?
4
What is the units digit of 140526?
6
What is the hundreds digit of 35611?
6
What is the thousands digit of 4606?
4
What is the tens digit of 6865?
6
What is the thousands digit of 1422?
1
What is the ten thousands digit of 38596?
3
What is the tens digit of 1948?
4
What is the tens digit of 1989?
8
What is the units digit of 3969?
9
What is the units digit of 2513?
3
What is the units digit of 787?
7
What is the units digit of 26325?
5
What is the units digit of 6330?
0
What is the hundreds digit of 36028?
0
What is the units digit of 17720?
0
What is the tens digit of 109113?
1
What is the units digit of 5417?
7
What is the units digit of 941?
1
What is the units digit of 26001?
1
What is the hundreds digit of 31665?
6
What is the tens digit of 1192?
9
What is the hundreds digit of 1139?
1
What is the ten thousands digit of 104731?
0
What is the hundreds digit of 1449?
4
What is the hundreds digit of 23527?
5
What is the tens digit of 26814?
1
What is the hundreds digit of 1157?
1
What is the thousands digit of 1280?
1
What is the thousands digit of 3512?
3
What is the ten thousands digit of 32389?
3
What is the tens digit of 340?
4
What is the tens digit of 58923?
2
What is the hundreds digit of 265?
2
What is the hundreds digit of 92758?
7
What is the units digit of 1345?
5
What is the hundreds digit of 2188?
1
What is the ten thousands digit of 16527?
1
What is the hundreds digit of 58495?
4
What is the hundreds digit of 77159?
1
What is the units digit of 1632?
2
What is the hundred thousands digit of 186607?
1
What is the hundreds digit of 29323?
3
What is the tens digit of 7300?
0
What is the units digit of 3725?
5
What is the hundreds digit of 32355?
3
What is the units digit of 189?
9
What is the hundreds digit of 6028?
0
What is the hundred thousands digit of 123934?
1
What is the units digit of 175?
5
What is the tens digit of 34522?
2
What is the thousands digit of 8893?
8
What is the tens digit of 30069?
6
What is the tens digit of 344?
4
What is the hundreds digit of 503?
5
What is the hundreds digit of 160242?
2
What is the tens digit of 10438?
3
What is the hundreds digit of 2139?
1
What is the hundreds digit of 47823?
8
What is the tens digit of 30370?
7
What is the units digit of 13588?
8
What is the tens digit of 19169?
6
What is the units digit of 2778?
8
What is the hundreds digit of 140097?
0
What is the thous